01?
122111101
In base 16, what is 15d - 4a?
113
In base 16, what is -62113 + -5?
-62118
In base 9, what is 1085263 + 2?
1085265
In base 5, what is 20331 + 24002?
44333
In base 4, what is 12100 + -213102?
-201002
In base 7, what is -2 - 6405424?
-6405426
In base 12, what is -525 + 1a3?
-342
In base 5, what is -3 - 3301410?
-3301413
In base 3, what is 1220010 + 212?
1220222
In base 6, what is -151 - 1143?
-1334
In base 7, what is 1 - -32126?
32130
In base 7, what is 2243 - -31?
2304
In base 10, what is 78 - 68136?
-68058
In base 14, what is 662 + 21?
683
In base 13, what is -987b5 + 7?
-987ab
In base 13, what is -ba + 83?
-37
In base 12, what is -127 - 61?
-188
In base 12, what is -5 - -109540?
109537
In base 11, what is -1a6666 + -1?
-1a6667
In base 11, what is 65465 - 5?
65460
In base 8, what is -6255 - 41?
-6316
In base 4, what is 203 + 2002?
2211
In base 9, what is 0 + 746436?
746436
In base 16, what is 1d32 + 3?
1d35
In base 4, what is -112322 - 303?
-113231
In base 15, what is -1bd03 + 11?
-1bce2
In base 6, what is 231445 + -4?
231441
In base 16, what is -19748b + 0?
-19748b
In base 8, what is 1161 + -1326?
-145
In base 11, what is -53664a0 + -2?
-53664a2
In base 13, what is 5bac71 - 0?
5bac71
In base 11, what is 1462 - -24?
1486
In base 8, what is -4 - -76501?
76475
In base 15, what is -5a5 + d?
-597
In base 7, what is -212 - 36?
-251
In base 10, what is 1170864 - 5?
1170859
In base 5, what is 14 + 32114?
32133
In base 13, what is -23748 - -4?
-23744
In base 7, what is 1 + 163263?
163264
In base 3, what is 2 - -202022120?
202022122
In base 11, what is 0 - 4433a?
-4433a
In base 13, what is -25639 - -2?
-25637
In base 8, what is 11 - 1642241?
-1642230
In base 5, what is -1031333 + -2?
-1031340
In base 10, what is -5 + -439408?
-439413
In base 15, what is -74 - -32b?
2a7
In base 14, what is 3c359a - -2?
3c359c
In base 14, what is -406 - -635?
22d
In base 4, what is 102 - -333230?
333332
In base 13, what is 705 - 5b7?
11b
In base 9, what is 1 + -53523?
-53522
In base 13, what is 5 - 2207?
-2202
In base 5, what is 1121332 + -12?
1121320
In base 4, what is -11003112310 - 10?
-11003112320
In base 12, what is -7301 - 5b?
-7360
In base 4, what is -33 + -23010?
-23103
In base 8, what is 21 + -12302?
-12261
In base 11, what is 36146 - -6?
36151
In base 10, what is -246278 + 10?
-246268
In base 16, what is 864 - 2a?
83a
In base 16, what is -3b + 160?
125
In base 8, what is 115 - 4603?
-4466
In base 7, what is 0 - 22355?
-22355
In base 13, what is 51833 - 19?
51817
In base 3, what is 10121111112 - -10?
10121111122
In base 6, what is 2 - 140444?
-140442
In base 15, what is -9b + -1e87?
-2033
In base 4, what is -1330 - -12111?
10121
In base 15, what is -52ba46 + -2?
-52ba48
In base 11, what is 533949 - 5?
533944
In base 6, what is 35400 + -1?
35355
In base 3, what is 101100201 + 10?
101100211
In base 9, what is -20 + -27710?
-27730
In base 9, what is -4 + 20827?
20823
In base 14, what is -5386 - 6d?
-5415
In base 8, what is 32541 + -5?
32534
In base 7, what is 11 + 3111?
3122
In base 2, what is 110111010 - -10?
110111100
In base 4, what is -10 - -10221003?
10220333
In base 8, what is -31033 + 5?
-31026
In base 4, what is -103 - 2002322?
-2003031
In base 7, what is 51531 + -151?
51350
In base 7, what is 5 + 215523?
215531
In base 6, what is 4 + 1402213?
1402221
In base 14, what is -2 - 17811?
-17813
In base 16, what is 1933 + 89?
19bc
In base 12, what is -678 - -4?
-674
In base 4, what is 301 + 31312?
32213
In base 3, what is 21002 - -1112110110?
1112201112
In base 16, what is 0 + 4d5c8?
4d5c8
In base 5, what is 30013 + -43?
24420
In base 7, what is 3 + -160304?
-160301
In base 12, what is -4 - 923ab?
-923b3
In base 4, what is 1 - 331120?
-331113
In base 10, what is -65 - -342?
277
In base 16, what is 815 - -1?
816
In base 14, what is 0 + -4982?
-4982
In base 4, what is -121113131 + -2?
-121113133
In base 5, what is -10 - -11431122?
11431112
In base 14, what is -8b4 - -d?
-8a5
In base 7, what is 4 + 1332221?
1332225
In base 15, what is -16b2 + 10?
-16a2
In base 9, what is 533740 + 5?
533745
In base 13, what is a50 - 18?
a35
In base 15, what is -343 - 21?
-364
In base 15, what is -156 - -65a?
504
In base 3, what is 1211 - -10002210?
10011121
In base 16, what is 19e004 + -2?
19e002
In base 13, what is 4 - 2c089?
-2c085
In base 6, what is -4 + 5234312?
5234304
In base 10, what is 5 + 3893?
3898
In base 6, what is -4 - 2554305?
-2554313
In base 4, what is 23321 - 1320?
22001
In base 8, what is -73 + 133?
40
In base 14, what is 2 - -25244d?
252451
In base 4, what is -303113 - -2001?
-301112
In base 4, what is 13120203 + -13?
13120130
In base 6, what is 15344 + -15?
15325
In base 9, what is 222072 - 3?
222068
In base 9, what is 2 - -28341?
28343
In base 12, what is a7 + -260?
-175
In base 14, what is -1d + 6781?
6762
In base 7, what is 0 - 1356665?
-1356665
In base 14, what is 6ad - -1c?
6cb
In base 9, what is -1 + -18200?
-18201
In base 16, what is 7d80c + 4?
7d810
In base 3, what is -10 + 20102200022?
20102200012
In base 13, what is 5 + -2a75a?
-2a755
In base 5, what is 1202 - 142320?
-141113
In base 13, what is 5 - 646a2?
-6469a
In base 16, what is d - 3a04?
-39f7
In base 13, what is -5 + 54b2?
54aa
In base 9, what is 1 + -254264?
-254263
In base 11, what is -1873a - -3?
-18737
In base 3, what is -1000002121 + 12?
-1000002102
In base 2, what is -1010111000111101 + -101?
-1010111001000010
In base 4, what is 111323 - 222?
111101
In base 11, what is -5 + 3956?
3951
In base 7, what is -326 + -6610?
-10236
In base 2, what is -1 + -1100001100011?
-1100001100100
In base 5, what is -4000 + 43400?
34400
In base 4, what is 20 - -1223331?
1230011
In base 3, what is 20022 + 1020?
21112
In base 7, what is -65663 - 5?
-66001
In base 2, what is -1 - 11100000101111101000?
-11100000101111101001
In base 9, what is -85604 - 1?
-85605
In base 8, what is 16 - -20131?
20147
In base 12, what is -1577 + 3?
-1574
In base 9, what is 43775 - 0?
43775
In base 14, what is -6 - -190a5?
1909d
In base 13, what is -6736a + -5?
-67372
In base 4, what is 311032103 + 2?
311032111
In base 4, what is 1311 - -222010?
223321
In base 6, what is -421 - 210?
-1031
In base 9, what is 4 + 23705?
23710
In base 8, what is -44 + -3656?
-3722
In base 7, what is -6 + -104612?
-104621
In base 5, what is -241321 + -11?
-241332
In base 15, what is -41195 + -4?
-41199
In base 10, what is 1436 - 2966?
-1530
In base 12, what is 52 + -44b7?
-4465
In base 10, what is -117831 - 5?
-117836
In base 11, what is 1383 - 59?
1325
In base 9, what is 188 - 2?
186
In base 16, what is 222 - 128?
fa
In base 12, what is -b2b - 6b2?
-1621
In base 2, what is -101 + 1110101100001001001?
1110101100001000100
In base 12, what is 2 - -84262?
84264
In base 7, what is -1242 + 12611?
11336
In base 10, what is -81124 - 12?
-81136
In base 9, what is 30513 + 0?
30513
In base 9, what is -17647 - -10?
-17637
In base 8, what is 473 - -104?
577
In base 12, what is 11 - 131a?
-1309
In base 2, what is 110101111101000110 - 1110?
110101111100111000
In base 4, what is 103300122 - 11?
103300111
In base 7, what is 23154 + -335?
22516
In base 11, what is -27 + -40a?
-436
In base 14, what is 28b88 - 5?
28b83
In base 3, what is 20110122222 + 2?
20110200001
In base 12, what is -2 + -4a7547?
-4a7549
In base 9, what is 251 - -7051?
7312
In base 6, what is -4 - -4053142?
4053134
In base 6, what is 5 - 203302?
-203253
In base 3, what is -2200 + 2022111101?
2022101201
In base 8, what is 34 - -3751?
4005
In base 3, what is 10 + 1222110001?
1222110011
In base 9, what is 33367 + 12?
33380
In base 4, what is -33123 + -112?
-33301
In base 14, what is 26b1a9 - 3?
26b1a6
In base 14, what is 1 + 671aa?
671ab
In base 2, what is -11110 + -10000100100011011?
-10000100100111001
In base 10, what is -14675 + 0?
-14675
In base 5, what is 33 - -110130?
110213
In base 14, what is 133 + -112?
21
In base 3, what is 2001202 + -201?
2001001
In base 9, what is -5 + -30744?
-30750
In base 8, what is -2310407 - 2?
-2310411
In base 15, what is -22 - -43e?
41c
In base 5, what is -42340 + -33?
-42423
In base 3, what is 11010111110 + -2?
11010111101
In base 5, what is 2140 + 10?
2200
In base 6, what is 353 - 1033003?
-1032210
In base 5, what is 1334 - 244?
1040
In base 16, what is 